{"id":27,"date":"2015-04-26T22:15:05","date_gmt":"2015-04-27T04:15:05","guid":{"rendered":"http:\/\/www.arodal.com.mx\/site\/?page_id=27"},"modified":"2021-03-24T14:34:49","modified_gmt":"2021-03-24T20:34:49","slug":"autorizaciones-ambientales","status":"publish","type":"page","link":"https:\/\/www.arodal.com.mx\/site\/autorizaciones-ambientales\/","title":{"rendered":"Autorizaciones Ambientales"},"content":{"rendered":"<p><strong>Permiso SEGAM : SEGAM-RI-EMRT.0143.08\/17<\/strong><\/p>\n<ul>\n<li>Autorizaci\u00f3n para el transporte y recolecci\u00f3n de Residuos No Peligrosos.<\/li>\n<\/ul>\n<p><strong>Direcci\u00f3n Ecolog\u00eda de SLP<\/strong><\/p>\n<ul>\n<li>Autorizaci\u00f3n para Transportaci\u00f3n y Dep\u00f3sito de Residuos S\u00f3lidos Urbanos y No peligrosos en el Tiradero de Pe\u00f1asco y\/o Relleno Sanitario Autorizado.<\/li>\n<\/ul>\n","protected":false},"excerpt":{"rendered":"<p>Permiso SEGAM : SEGAM-RI-EMRT.0143.08\/17 Autorizaci\u00f3n para el transporte y recolecci\u00f3n de Residuos No Peligrosos. Direcci\u00f3n Ecolog\u00eda de SLP Autorizaci\u00f3n para Transportaci\u00f3n y Dep\u00f3sito de Residuos S\u00f3lidos Urbanos y No peligrosos en el Tiradero de Pe\u00f1asco y\/o Relleno Sanitario Autorizado.<\/p>\n","protected":false},"author":1,"featured_media":0,"parent":0,"menu_order":2,"comment_status":"closed","ping_status":"closed","template":"","meta":[],"aioseo_notices":[],"_links":{"self":[{"href":"https:\/\/www.arodal.com.mx\/site\/wp-json\/wp\/v2\/pages\/27"}],"collection":[{"href":"https:\/\/www.arodal.com.mx\/site\/wp-json\/wp\/v2\/pages"}],"about":[{"href":"https:\/\/www.arodal.com.mx\/site\/wp-json\/wp\/v2\/types\/page"}],"author":[{"embeddable":true,"href":"https:\/\/www.arodal.com.mx\/site\/wp-json\/wp\/v2\/users\/1"}],"replies":[{"embeddable":true,"href":"https:\/\/www.arodal.com.mx\/site\/wp-json\/wp\/v2\/comments?post=27"}],"version-history":[{"count":4,"href":"https:\/\/www.arodal.com.mx\/site\/wp-json\/wp\/v2\/pages\/27\/revisions"}],"predecessor-version":[{"id":87,"href":"https:\/\/www.arodal.com.mx\/site\/wp-json\/wp\/v2\/pages\/27\/revisions\/87"}],"wp:attachment":[{"href":"https:\/\/www.arodal.com.mx\/site\/wp-json\/wp\/v2\/media?parent=27"}],"curies":[{"name":"wp","href":"https:\/\/api.w.org\/{rel}","templated":true}]}}