{"id":22,"date":"2015-03-24T14:25:43","date_gmt":"2015-03-24T20:25:43","guid":{"rendered":"http:\/\/www.arodal.com.mx\/site\/?page_id=22"},"modified":"2021-03-24T10:28:09","modified_gmt":"2021-03-24T16:28:09","slug":"contacto","status":"publish","type":"page","link":"https:\/\/www.arodal.com.mx\/site\/contacto\/","title":{"rendered":"Contacto"},"content":{"rendered":"\n<div>\n<p>La informaci\u00f3n personal que proporcionen los usuarios del portal Arodal.com.mx, ser\u00e1 utilizada exclusivamente para fines de evaluar los servicios que \u00e9ste ofrece, proporcionar informaci\u00f3n y promociones, y no ser\u00e1 dada a empresa o particular alguno para fines personales, comerciales o de cualquier otro tipo.<\/p>\n<p>La base de datos que se conforme con la informaci\u00f3n de nuestros visitantes, no ser\u00e1 utilizada para ning\u00fan otro fin, mas que el de mantenerlos informados de los nuevos servicios y recursos que ofrezca el portal.<\/p>\n<\/div>\n\n\n\n<div class=\"wp-container-3 wp-block-columns\">\n<div class=\"wp-container-2 wp-block-column\" style=\"flex-basis:100%\">\n<div class=\"wp-container-1 wp-block-group\"><div class=\"wp-block-group__inner-container\">\n<div style=\"float:left; width:50%;\"><div role=\"form\" class=\"wpcf7\" id=\"wpcf7-f79-o1\" lang=\"es-MX\" dir=\"ltr\">\n<div class=\"screen-reader-response\"><p role=\"status\" aria-live=\"polite\" aria-atomic=\"true\"><\/p> <ul><\/ul><\/div>\n<form action=\"\/site\/wp-json\/wp\/v2\/pages\/22#wpcf7-f79-o1\" method=\"post\" class=\"wpcf7-form init\" novalidate=\"novalidate\" data-status=\"init\">\n<div style=\"display: none;\">\n<input type=\"hidden\" name=\"_wpcf7\" value=\"79\" \/>\n<input type=\"hidden\" name=\"_wpcf7_version\" value=\"5.4\" \/>\n<input type=\"hidden\" name=\"_wpcf7_locale\" value=\"es_MX\" \/>\n<input type=\"hidden\" name=\"_wpcf7_unit_tag\" value=\"wpcf7-f79-o1\" \/>\n<input type=\"hidden\" name=\"_wpcf7_container_post\" value=\"0\" \/>\n<input type=\"hidden\" name=\"_wpcf7_posted_data_hash\" value=\"\" \/>\n<input type=\"hidden\" name=\"_wpcf7_recaptcha_response\" value=\"\" \/>\n<\/div>\n<p><label> Tu nombre<br \/>\n    <span class=\"wpcf7-form-control-wrap your-name\"><input type=\"text\" name=\"your-name\" value=\"\" size=\"40\" class=\"wpcf7-form-control wpcf7-text wpcf7-validates-as-required\" aria-required=\"true\" aria-invalid=\"false\" \/><\/span> <\/label><\/p>\n<p><label> Tu correo electr\u00f3nico<br \/>\n    <span class=\"wpcf7-form-control-wrap your-email\"><input type=\"email\" name=\"your-email\" value=\"\" size=\"40\" class=\"wpcf7-form-control wpcf7-text wpcf7-email wpcf7-validates-as-required wpcf7-validates-as-email\" aria-required=\"true\" aria-invalid=\"false\" \/><\/span> <\/label><\/p>\n<p><label> Asunto<br \/>\n    <span class=\"wpcf7-form-control-wrap your-subject\"><input type=\"text\" name=\"your-subject\" value=\"\" size=\"40\" class=\"wpcf7-form-control wpcf7-text wpcf7-validates-as-required\" aria-required=\"true\" aria-invalid=\"false\" \/><\/span> <\/label><\/p>\n<p><label> Tu mensaje (opcional)<br \/>\n    <span class=\"wpcf7-form-control-wrap your-message\"><textarea name=\"your-message\" cols=\"40\" rows=\"10\" class=\"wpcf7-form-control wpcf7-textarea\" aria-invalid=\"false\"><\/textarea><\/span> <\/label><\/p>\n<span class=\"wpcf7-form-control-wrap recaptcha\"><span data-sitekey=\"6Lfxq4saAAAAAL8Czg8hwv-2GXqdyjl0jLSengX0\" class=\"wpcf7-form-control g-recaptcha wpcf7-recaptcha\"><\/span>\r\n<noscript>\r\n\t<div class=\"grecaptcha-noscript\">\r\n\t\t<iframe src=\"https:\/\/www.google.com\/recaptcha\/api\/fallback?k=6Lfxq4saAAAAAL8Czg8hwv-2GXqdyjl0jLSengX0\" frameborder=\"0\" scrolling=\"no\" width=\"310\" height=\"430\">\r\n\t\t<\/iframe>\r\n\t\t<textarea name=\"g-recaptcha-response\" rows=\"3\" cols=\"40\" placeholder=\"Aqu\u00ed la respuesta de reCAPTCHA\">\r\n\t\t<\/textarea>\r\n\t<\/div>\r\n<\/noscript>\r\n<\/span>\n<p><input type=\"submit\" value=\"Enviar\" class=\"wpcf7-form-control wpcf7-submit\" \/><\/p>\n<div class=\"wpcf7-response-output\" aria-hidden=\"true\"><\/div><\/form><\/div><\/div><div style=\"float:left; width:50%;\"><iframe src=\"https:\/\/www.google.com\/maps\/embed?pb=!1m18!1m12!1m3!1d22144.996983032946!2d-100.89108257199246!3d22.16395622911907!2m3!1f0!2f0!3f0!3m2!1i1024!2i768!4f13.1!3m3!1m2!1s0x842aa71c20f88a99%3A0x86dc339a45e0c667!2sArodal%20Desarrollos%20Ecol%C3%B3gicos%20Sustentables%20S.A.%20de%20C.V.!5e0!3m2!1ses-419!2smx!4v1616602908059!5m2!1ses-419!2smx\" width=\"600\" height=\"450\" style=\"border:0;\" allowfullscreen=\"\" loading=\"lazy\"><\/iframe><\/div>\n<\/div><\/div>\n<\/div>\n<\/div>\n","protected":false},"excerpt":{"rendered":"<p>La informaci\u00f3n personal que proporcionen los usuarios del portal Arodal.com.mx, ser\u00e1 utilizada exclusivamente para fines de evaluar los servicios que \u00e9ste ofrece, proporcionar informaci\u00f3n y promociones, y no ser\u00e1 dada a empresa o particular alguno para fines personales, comerciales o de cualquier otro tipo. La base de datos que se conforme con la informaci\u00f3n de&#8230; <\/p>\n","protected":false},"author":1,"featured_media":0,"parent":0,"menu_order":5,"comment_status":"closed","ping_status":"closed","template":"template-full-width.php","meta":[],"aioseo_notices":[],"_links":{"self":[{"href":"https:\/\/www.arodal.com.mx\/site\/wp-json\/wp\/v2\/pages\/22"}],"collection":[{"href":"https:\/\/www.arodal.com.mx\/site\/wp-json\/wp\/v2\/pages"}],"about":[{"href":"https:\/\/www.arodal.com.mx\/site\/wp-json\/wp\/v2\/types\/page"}],"author":[{"embeddable":true,"href":"https:\/\/www.arodal.com.mx\/site\/wp-json\/wp\/v2\/users\/1"}],"replies":[{"embeddable":true,"href":"https:\/\/www.arodal.com.mx\/site\/wp-json\/wp\/v2\/comments?post=22"}],"version-history":[{"count":7,"href":"https:\/\/www.arodal.com.mx\/site\/wp-json\/wp\/v2\/pages\/22\/revisions"}],"predecessor-version":[{"id":86,"href":"https:\/\/www.arodal.com.mx\/site\/wp-json\/wp\/v2\/pages\/22\/revisions\/86"}],"wp:attachment":[{"href":"https:\/\/www.arodal.com.mx\/site\/wp-json\/wp\/v2\/media?parent=22"}],"curies":[{"name":"wp","href":"https:\/\/api.w.org\/{rel}","templated":true}]}}